{"id":446,"date":"2023-03-24T19:00:55","date_gmt":"2023-03-24T19:00:55","guid":{"rendered":"https:\/\/enriqueizurieta.com\/?page_id=446"},"modified":"2023-03-24T19:03:22","modified_gmt":"2023-03-24T19:03:22","slug":"listen-courageously","status":"publish","type":"page","link":"https:\/\/enriqueizurieta.com\/?page_id=446","title":{"rendered":"Listen Courageously"},"content":{"rendered":"<p>[et_pb_section fb_built=\u00bb1&#8243; _builder_version=\u00bb4.19.5&#8243; _module_preset=\u00bbdefault\u00bb background_color=\u00bb#1a1826&#8243; background_image=\u00bbhttps:\/\/enriqueizurieta.com\/wp-content\/uploads\/2023\/02\/barras-1.png\u00bb background_size=\u00bbinitial\u00bb background_position=\u00bbbottom_left\u00bb background_horizontal_offset=\u00bb0%\u00bb background_vertical_offset=\u00bb0%\u00bb width=\u00bb100%\u00bb custom_padding=\u00bb0px||6px|||\u00bb global_colors_info=\u00bb{}\u00bb theme_builder_area=\u00bbpost_content\u00bb][et_pb_row column_structure=\u00bb1_2,1_2&#8243; use_custom_gutter=\u00bbon\u00bb gutter_width=\u00bb1&#8243; _builder_version=\u00bb4.19.5&#8243; _module_preset=\u00bbdefault\u00bb width=\u00bb100%\u00bb max_width=\u00bb100%\u00bb custom_margin=\u00bb|auto|-12px|auto||\u00bb custom_padding=\u00bb0px||0px|10%|false|false\u00bb global_colors_info=\u00bb{}\u00bb theme_builder_area=\u00bbpost_content\u00bb][et_pb_column type=\u00bb1_2&#8243; _builder_version=\u00bb4.19.5&#8243; _module_preset=\u00bbdefault\u00bb custom_padding=\u00bb20%||0px||false|false\u00bb global_colors_info=\u00bb{}\u00bb theme_builder_area=\u00bbpost_content\u00bb][et_pb_text _builder_version=\u00bb4.20.2&#8243; _module_preset=\u00bbdefault\u00bb text_text_color=\u00bb#FFFFFF\u00bb text_font_size=\u00bb18px\u00bb background_color=\u00bb#2f2a4f\u00bb custom_margin=\u00bb-1px|50%|15px||false|false\u00bb custom_margin_tablet=\u00bb|55%|||false|false\u00bb custom_margin_phone=\u00bb30px|65px|16px|-5px|false|false\u00bb custom_margin_last_edited=\u00bbon|desktop\u00bb custom_padding=\u00bb10px||10px|20px|true|false\u00bb hover_enabled=\u00bb0&#8243; border_radii=\u00bbon|100px|100px|100px|100px\u00bb global_colors_info=\u00bb{}\u00bb theme_builder_area=\u00bbpost_content\u00bb sticky_enabled=\u00bb0&#8243;]<\/p>\n<p>Dise\u00f1o web para Listen Courageously \ud83d\udc68\u200d\ud83d\udcbb<\/p>\n<p>[\/et_pb_text][et_pb_text _builder_version=\u00bb4.19.5&#8243; _module_preset=\u00bbdefault\u00bb header_text_color=\u00bb#FFFFFF\u00bb header_font_size=\u00bb40px\u00bb header_2_text_color=\u00bb#FFFFFF\u00bb header_2_font_size=\u00bb32px\u00bb custom_margin=\u00bb||10px|||\u00bb global_colors_info=\u00bb{}\u00bb theme_builder_area=\u00bbpost_content\u00bb]<\/p>\n<h2>\ud83c\udfc1 El reto del cliente<\/h2>\n<p>[\/et_pb_text][et_pb_text _builder_version=\u00bb4.20.2&#8243; _module_preset=\u00bbdefault\u00bb text_font=\u00bb|300|||||||\u00bb text_text_color=\u00bb#cccccc\u00bb text_font_size=\u00bb18px\u00bb custom_margin=\u00bb1px|70px|18px||false|false\u00bb custom_margin_tablet=\u00bb|70px|||false|false\u00bb custom_margin_phone=\u00bb|40px|||false|false\u00bb custom_margin_last_edited=\u00bbon|phone\u00bb custom_padding=\u00bb|2px||||\u00bb hover_enabled=\u00bb0&#8243; global_colors_info=\u00bb{}\u00bb theme_builder_area=\u00bbpost_content\u00bb sticky_enabled=\u00bb0&#8243;]<\/p>\n<p>Dise\u00f1ar 2 productos digitales modernos para el proyecto educativo-digital Listen Courageously, uno que abarque los problemas m\u00e1s preponderantes en el contexto de la cultura de USA y otro que comunique correctamente el CTA de la marca y las buenas experiencias de los usuarios.<\/p>\n<p>[\/et_pb_text][et_pb_text _builder_version=\u00bb4.19.5&#8243; _module_preset=\u00bbdefault\u00bb header_text_color=\u00bb#FFFFFF\u00bb header_font_size=\u00bb40px\u00bb header_2_text_color=\u00bb#FFFFFF\u00bb header_2_font_size=\u00bb32px\u00bb custom_margin=\u00bb||10px|||\u00bb global_colors_info=\u00bb{}\u00bb theme_builder_area=\u00bbpost_content\u00bb]<\/p>\n<h2>\u270d\ufe0f Desarrollo<\/h2>\n<p>[\/et_pb_text][et_pb_text _builder_version=\u00bb4.20.2&#8243; _module_preset=\u00bbdefault\u00bb text_font=\u00bb|300|||||||\u00bb text_text_color=\u00bb#cccccc\u00bb text_font_size=\u00bb18px\u00bb custom_margin=\u00bb1px|70px|18px||false|false\u00bb custom_margin_tablet=\u00bb|70px|||false|false\u00bb custom_margin_phone=\u00bb|40px|||false|false\u00bb custom_margin_last_edited=\u00bbon|phone\u00bb custom_padding=\u00bb|2px||||\u00bb hover_enabled=\u00bb0&#8243; global_colors_info=\u00bb{}\u00bb theme_builder_area=\u00bbpost_content\u00bb sticky_enabled=\u00bb0&#8243;]<\/p>\n<p>Se desarrollaron propuestas para los productos, diferenciando cada uno a trav\u00e9s de una investigaci\u00f3n de mercado y benchmarking de las marcas competencia. Una vez aceptados los dise\u00f1os por los stakeholders se entregaron los dise\u00f1os.<\/p>\n<p>[\/et_pb_text][\/et_pb_column][et_pb_column type=\u00bb1_2&#8243; _builder_version=\u00bb4.19.5&#8243; _module_preset=\u00bbdefault\u00bb global_colors_info=\u00bb{}\u00bb theme_builder_area=\u00bbpost_content\u00bb][et_pb_image src=\u00bbhttps:\/\/enriqueizurieta.com\/wp-content\/uploads\/2023\/03\/project-thumbnail.png\u00bb title_text=\u00bbproject thumbnail\u00bb show_bottom_space=\u00bboff\u00bb align=\u00bbcenter\u00bb force_fullwidth=\u00bbon\u00bb _builder_version=\u00bb4.20.2&#8243; _module_preset=\u00bbdefault\u00bb custom_margin=\u00bb||||false|false\u00bb custom_margin_tablet=\u00bb||||false|false\u00bb custom_margin_phone=\u00bb|||-20px|false|false\u00bb custom_margin_last_edited=\u00bbon|phone\u00bb hover_enabled=\u00bb0&#8243; global_colors_info=\u00bb{}\u00bb theme_builder_area=\u00bbpost_content\u00bb sticky_enabled=\u00bb0&#8243; custom_padding=\u00bb||0px|||\u00bb][\/et_pb_image][\/et_pb_column][\/et_pb_row][\/et_pb_section][et_pb_section fb_built=\u00bb1&#8243; _builder_version=\u00bb4.19.5&#8243; _module_preset=\u00bbdefault\u00bb custom_margin=\u00bb11px|||||\u00bb custom_padding=\u00bb11px||4px|||\u00bb global_colors_info=\u00bb{}\u00bb theme_builder_area=\u00bbpost_content\u00bb][et_pb_row _builder_version=\u00bb4.19.5&#8243; _module_preset=\u00bbdefault\u00bb custom_padding=\u00bb8px||1px|||\u00bb global_colors_info=\u00bb{}\u00bb theme_builder_area=\u00bbpost_content\u00bb][et_pb_column type=\u00bb4_4&#8243; _builder_version=\u00bb4.19.5&#8243; _module_preset=\u00bbdefault\u00bb global_colors_info=\u00bb{}\u00bb theme_builder_area=\u00bbpost_content\u00bb][et_pb_text _builder_version=\u00bb4.20.2&#8243; _module_preset=\u00bbdefault\u00bb header_text_color=\u00bb#FFFFFF\u00bb header_font_size=\u00bb40px\u00bb header_2_text_color=\u00bb#1a1826&#8243; header_2_font_size=\u00bb28px\u00bb custom_margin=\u00bb12px||10px|||\u00bb global_colors_info=\u00bb{}\u00bb theme_builder_area=\u00bbpost_content\u00bb]<\/p>\n<h2>\u270d\ufe0f Vistas y proceso<\/h2>\n<p>[\/et_pb_text][\/et_pb_column][\/et_pb_row][et_pb_row column_structure=\u00bb1_2,1_2&#8243; use_custom_gutter=\u00bbon\u00bb gutter_width=\u00bb1&#8243; _builder_version=\u00bb4.20.2&#8243; _module_preset=\u00bbdefault\u00bb custom_padding=\u00bb2px||1px|||\u00bb hover_enabled=\u00bb0&#8243; global_colors_info=\u00bb{}\u00bb theme_builder_area=\u00bbpost_content\u00bb sticky_enabled=\u00bb0&#8243;][et_pb_column type=\u00bb1_2&#8243; _builder_version=\u00bb4.19.5&#8243; _module_preset=\u00bbdefault\u00bb global_colors_info=\u00bb{}\u00bb theme_builder_area=\u00bbpost_content\u00bb][et_pb_image src=\u00bbhttps:\/\/enriqueizurieta.com\/wp-content\/uploads\/2023\/03\/vista-1.png\u00bb title_text=\u00bbvista 1&#8243; _builder_version=\u00bb4.20.2&#8243; _module_preset=\u00bbdefault\u00bb hover_enabled=\u00bb0&#8243; global_colors_info=\u00bb{}\u00bb theme_builder_area=\u00bbpost_content\u00bb sticky_enabled=\u00bb0&#8243;][\/et_pb_image][\/et_pb_column][et_pb_column type=\u00bb1_2&#8243; _builder_version=\u00bb4.19.5&#8243; _module_preset=\u00bbdefault\u00bb global_colors_info=\u00bb{}\u00bb theme_builder_area=\u00bbpost_content\u00bb][et_pb_image src=\u00bbhttps:\/\/enriqueizurieta.com\/wp-content\/uploads\/2023\/03\/vista-2.png\u00bb title_text=\u00bbvista 2&#8243; _builder_version=\u00bb4.20.2&#8243; _module_preset=\u00bbdefault\u00bb hover_enabled=\u00bb0&#8243; global_colors_info=\u00bb{}\u00bb theme_builder_area=\u00bbpost_content\u00bb sticky_enabled=\u00bb0&#8243;][\/et_pb_image][\/et_pb_column][\/et_pb_row][\/et_pb_section]<\/p>\n","protected":false},"excerpt":{"rendered":"<p>Dise\u00f1o web para Listen Courageously \ud83d\udc68\u200d\ud83d\udcbb\ud83c\udfc1 El reto del clienteDise\u00f1ar 2 productos digitales modernos para el proyecto educativo-digital Listen Courageously, uno que abarque los problemas m\u00e1s preponderantes en el contexto de la cultura de USA y otro que comunique correctamente el CTA de la marca y las buenas experiencias de los usuarios.\u270d\ufe0f DesarrolloSe desarrollaron propuestas [&hellip;]<\/p>\n","protected":false},"author":1,"featured_media":0,"parent":0,"menu_order":0,"comment_status":"closed","ping_status":"closed","template":"","meta":{"_et_pb_use_builder":"on","_et_pb_old_content":"","_et_gb_content_width":"","_joinchat":[],"footnotes":""},"class_list":["post-446","page","type-page","status-publish","hentry"],"yoast_head":"<!-- This site is optimized with the Yoast SEO plugin v27.5 - https:\/\/yoast.com\/product\/yoast-seo-wordpress\/ -->\n<title>Listen Courageously - Enrique Izurieta<\/title>\n<meta name=\"robots\" content=\"index, follow, max-snippet:-1, max-image-preview:large, max-video-preview:-1\" \/>\n<link rel=\"canonical\" href=\"https:\/\/enriqueizurieta.com\/?page_id=446\" \/>\n<meta property=\"og:locale\" content=\"es_ES\" \/>\n<meta property=\"og:type\" content=\"article\" \/>\n<meta property=\"og:title\" content=\"Listen Courageously - Enrique Izurieta\" \/>\n<meta property=\"og:description\" content=\"Dise\u00f1o web para Listen Courageously \ud83d\udc68\u200d\ud83d\udcbb\ud83c\udfc1 El reto del clienteDise\u00f1ar 2 productos digitales modernos para el proyecto educativo-digital Listen Courageously, uno que abarque los problemas m\u00e1s preponderantes en el contexto de la cultura de USA y otro que comunique correctamente el CTA de la marca y las buenas experiencias de los usuarios.\u270d\ufe0f DesarrolloSe desarrollaron propuestas [&hellip;]\" \/>\n<meta property=\"og:url\" content=\"https:\/\/enriqueizurieta.com\/?page_id=446\" \/>\n<meta property=\"og:site_name\" content=\"Enrique Izurieta\" \/>\n<meta property=\"article:modified_time\" content=\"2023-03-24T19:03:22+00:00\" \/>\n<meta property=\"og:image\" content=\"https:\/\/enriqueizurieta.com\/wp-content\/uploads\/2023\/02\/thumbnail-seo.png\" \/>\n\t<meta property=\"og:image:width\" content=\"759\" \/>\n\t<meta property=\"og:image:height\" content=\"759\" \/>\n\t<meta property=\"og:image:type\" content=\"image\/png\" \/>\n<meta name=\"twitter:card\" content=\"summary_large_image\" \/>\n<meta name=\"twitter:label1\" content=\"Tiempo de lectura\" \/>\n\t<meta name=\"twitter:data1\" content=\"4 minutos\" \/>\n<script type=\"application\/ld+json\" class=\"yoast-schema-graph\">{\"@context\":\"https:\\\/\\\/schema.org\",\"@graph\":[{\"@type\":\"WebPage\",\"@id\":\"https:\\\/\\\/enriqueizurieta.com\\\/?page_id=446\",\"url\":\"https:\\\/\\\/enriqueizurieta.com\\\/?page_id=446\",\"name\":\"Listen Courageously - Enrique Izurieta\",\"isPartOf\":{\"@id\":\"https:\\\/\\\/enriqueizurieta.com\\\/#website\"},\"datePublished\":\"2023-03-24T19:00:55+00:00\",\"dateModified\":\"2023-03-24T19:03:22+00:00\",\"breadcrumb\":{\"@id\":\"https:\\\/\\\/enriqueizurieta.com\\\/?page_id=446#breadcrumb\"},\"inLanguage\":\"es\",\"potentialAction\":[{\"@type\":\"ReadAction\",\"target\":[\"https:\\\/\\\/enriqueizurieta.com\\\/?page_id=446\"]}]},{\"@type\":\"BreadcrumbList\",\"@id\":\"https:\\\/\\\/enriqueizurieta.com\\\/?page_id=446#breadcrumb\",\"itemListElement\":[{\"@type\":\"ListItem\",\"position\":1,\"name\":\"Home\",\"item\":\"https:\\\/\\\/enriqueizurieta.com\\\/\"},{\"@type\":\"ListItem\",\"position\":2,\"name\":\"Listen Courageously\"}]},{\"@type\":\"WebSite\",\"@id\":\"https:\\\/\\\/enriqueizurieta.com\\\/#website\",\"url\":\"https:\\\/\\\/enriqueizurieta.com\\\/\",\"name\":\"Enrique Izurieta\",\"description\":\"Communications Director\",\"publisher\":{\"@id\":\"https:\\\/\\\/enriqueizurieta.com\\\/#\\\/schema\\\/person\\\/00f3824d5d813f7e586b6eae5b58012a\"},\"potentialAction\":[{\"@type\":\"SearchAction\",\"target\":{\"@type\":\"EntryPoint\",\"urlTemplate\":\"https:\\\/\\\/enriqueizurieta.com\\\/?s={search_term_string}\"},\"query-input\":{\"@type\":\"PropertyValueSpecification\",\"valueRequired\":true,\"valueName\":\"search_term_string\"}}],\"inLanguage\":\"es\"},{\"@type\":[\"Person\",\"Organization\"],\"@id\":\"https:\\\/\\\/enriqueizurieta.com\\\/#\\\/schema\\\/person\\\/00f3824d5d813f7e586b6eae5b58012a\",\"name\":\"enrique.izurietac\",\"image\":{\"@type\":\"ImageObject\",\"inLanguage\":\"es\",\"@id\":\"https:\\\/\\\/enriqueizurieta.com\\\/wp-content\\\/uploads\\\/2023\\\/02\\\/thumbnail-linkedin2.jpg\",\"url\":\"https:\\\/\\\/enriqueizurieta.com\\\/wp-content\\\/uploads\\\/2023\\\/02\\\/thumbnail-linkedin2.jpg\",\"contentUrl\":\"https:\\\/\\\/enriqueizurieta.com\\\/wp-content\\\/uploads\\\/2023\\\/02\\\/thumbnail-linkedin2.jpg\",\"width\":498,\"height\":263,\"caption\":\"enrique.izurietac\"},\"logo\":{\"@id\":\"https:\\\/\\\/enriqueizurieta.com\\\/wp-content\\\/uploads\\\/2023\\\/02\\\/thumbnail-linkedin2.jpg\"}}]}<\/script>\n<!-- \/ Yoast SEO plugin. -->","yoast_head_json":{"title":"Listen Courageously - Enrique Izurieta","robots":{"index":"index","follow":"follow","max-snippet":"max-snippet:-1","max-image-preview":"max-image-preview:large","max-video-preview":"max-video-preview:-1"},"canonical":"https:\/\/enriqueizurieta.com\/?page_id=446","og_locale":"es_ES","og_type":"article","og_title":"Listen Courageously - Enrique Izurieta","og_description":"Dise\u00f1o web para Listen Courageously \ud83d\udc68\u200d\ud83d\udcbb\ud83c\udfc1 El reto del clienteDise\u00f1ar 2 productos digitales modernos para el proyecto educativo-digital Listen Courageously, uno que abarque los problemas m\u00e1s preponderantes en el contexto de la cultura de USA y otro que comunique correctamente el CTA de la marca y las buenas experiencias de los usuarios.\u270d\ufe0f DesarrolloSe desarrollaron propuestas [&hellip;]","og_url":"https:\/\/enriqueizurieta.com\/?page_id=446","og_site_name":"Enrique Izurieta","article_modified_time":"2023-03-24T19:03:22+00:00","og_image":[{"width":759,"height":759,"url":"https:\/\/enriqueizurieta.com\/wp-content\/uploads\/2023\/02\/thumbnail-seo.png","type":"image\/png"}],"twitter_card":"summary_large_image","twitter_misc":{"Tiempo de lectura":"4 minutos"},"schema":{"@context":"https:\/\/schema.org","@graph":[{"@type":"WebPage","@id":"https:\/\/enriqueizurieta.com\/?page_id=446","url":"https:\/\/enriqueizurieta.com\/?page_id=446","name":"Listen Courageously - Enrique Izurieta","isPartOf":{"@id":"https:\/\/enriqueizurieta.com\/#website"},"datePublished":"2023-03-24T19:00:55+00:00","dateModified":"2023-03-24T19:03:22+00:00","breadcrumb":{"@id":"https:\/\/enriqueizurieta.com\/?page_id=446#breadcrumb"},"inLanguage":"es","potentialAction":[{"@type":"ReadAction","target":["https:\/\/enriqueizurieta.com\/?page_id=446"]}]},{"@type":"BreadcrumbList","@id":"https:\/\/enriqueizurieta.com\/?page_id=446#breadcrumb","itemListElement":[{"@type":"ListItem","position":1,"name":"Home","item":"https:\/\/enriqueizurieta.com\/"},{"@type":"ListItem","position":2,"name":"Listen Courageously"}]},{"@type":"WebSite","@id":"https:\/\/enriqueizurieta.com\/#website","url":"https:\/\/enriqueizurieta.com\/","name":"Enrique Izurieta","description":"Communications Director","publisher":{"@id":"https:\/\/enriqueizurieta.com\/#\/schema\/person\/00f3824d5d813f7e586b6eae5b58012a"},"potentialAction":[{"@type":"SearchAction","target":{"@type":"EntryPoint","urlTemplate":"https:\/\/enriqueizurieta.com\/?s={search_term_string}"},"query-input":{"@type":"PropertyValueSpecification","valueRequired":true,"valueName":"search_term_string"}}],"inLanguage":"es"},{"@type":["Person","Organization"],"@id":"https:\/\/enriqueizurieta.com\/#\/schema\/person\/00f3824d5d813f7e586b6eae5b58012a","name":"enrique.izurietac","image":{"@type":"ImageObject","inLanguage":"es","@id":"https:\/\/enriqueizurieta.com\/wp-content\/uploads\/2023\/02\/thumbnail-linkedin2.jpg","url":"https:\/\/enriqueizurieta.com\/wp-content\/uploads\/2023\/02\/thumbnail-linkedin2.jpg","contentUrl":"https:\/\/enriqueizurieta.com\/wp-content\/uploads\/2023\/02\/thumbnail-linkedin2.jpg","width":498,"height":263,"caption":"enrique.izurietac"},"logo":{"@id":"https:\/\/enriqueizurieta.com\/wp-content\/uploads\/2023\/02\/thumbnail-linkedin2.jpg"}}]}},"_links":{"self":[{"href":"https:\/\/enriqueizurieta.com\/index.php?rest_route=\/wp\/v2\/pages\/446","targetHints":{"allow":["GET"]}}],"collection":[{"href":"https:\/\/enriqueizurieta.com\/index.php?rest_route=\/wp\/v2\/pages"}],"about":[{"href":"https:\/\/enriqueizurieta.com\/index.php?rest_route=\/wp\/v2\/types\/page"}],"author":[{"embeddable":true,"href":"https:\/\/enriqueizurieta.com\/index.php?rest_route=\/wp\/v2\/users\/1"}],"replies":[{"embeddable":true,"href":"https:\/\/enriqueizurieta.com\/index.php?rest_route=%2Fwp%2Fv2%2Fcomments&post=446"}],"version-history":[{"count":4,"href":"https:\/\/enriqueizurieta.com\/index.php?rest_route=\/wp\/v2\/pages\/446\/revisions"}],"predecessor-version":[{"id":457,"href":"https:\/\/enriqueizurieta.com\/index.php?rest_route=\/wp\/v2\/pages\/446\/revisions\/457"}],"wp:attachment":[{"href":"https:\/\/enriqueizurieta.com\/index.php?rest_route=%2Fwp%2Fv2%2Fmedia&parent=446"}],"curies":[{"name":"wp","href":"https:\/\/api.w.org\/{rel}","templated":true}]}}